4*w = -3*r + 61. List the prime factors of w.
19
Let v(i) = -i**3 + 2*i + 69. What are the prime factors of v(0)?
3, 23
Let j(v) = 20*v. Let g(p) = p. Let m(z) = -15*g(z) + j(z). Let l be m(1). Suppose -6 - 9 = -l*y. What are the prime factors of y?
3
Let i(t) = 25*t**3 + t - 1. What are the prime factors of i(1)?
5
Let p = 3 + -3. Suppose p*r + 5*r - 15 = 0. Suppose -3 = -3*i - 0, 3*i + 66 = r*u. List the prime factors of u.
23
Suppose 0 = 3*f + 3*l - 2*l - 158, -4*l + 38 = f. List the prime factors of f.
2, 3
Let m = -5 - -9. Suppose 5*n = m*t - 5, n + 1 + 1 = t. Suppose 20 = -u + t*u. What are the prime factors of u?
5
Suppose 2*j = 5*j - 5*a + 4, 3*j = -4*a + 41. List the prime factors of j.
7
Suppose -3*q + 222 + 210 = 0. What are the prime factors of q/(-20)*10/(-3)?
2, 3
Let a be (-3)/(-2) - (-2)/4. Suppose 7*n - 66 = 3*n + 5*s, a*s = -n + 10. Suppose -4*k + x + 29 = -2*x, n = k - 3*x. List the prime factors of k.
5
Let g(l) = 3*l**3 + 16*l**2 - 11*l - 9. Let a(n) = -n**3 - 8*n**2 + 6*n + 5. Let z(v) = 5*a(v) + 2*g(v). List the prime factors of z(7).
2, 7
Suppose 5*o + 25 = 4*h - 0*h, 3*o - 12 = -3*h. What are the prime factors of (2 + o)/((-4)/(-68))?
17
Let m(k) = k**3 + 3*k**2 - 7*k - 6. Let o(i) = -3*i**3 - 10*i**2 + 20*i + 18. Let l(n) = -8*m(n) - 3*o(n). What are the prime factors of l(-6)?
2, 3
Let f(h) = h + 2. Let r be 1/3*(-1 + 19). Suppose 4*q + r = t, 3*q - 3 = -t + 3. What are the prime factors of f(t)?
2
Let m(x) = -x + 1. Let i be m(-4). Suppose 2*j + j - 6 = 0, -j = -i*h + 38. What are the prime factors of h?
2
Suppose -3*p + 9 = -21. What are the prime factors of (-6 - 2)*p/(-8)?
2, 5
Suppose 0*i - 5*i = 0. Suppose i = -g + 2*g - 13. List the prime factors of g.
13
Suppose 0 = 4*x - 2*s - 52, -3*s = -x - 4*s + 10. Let m = 3 - x. Let k = 11 - m. What are the prime factors of k?
2, 5
Let g = 0 + 12. What are the prime factors of g?
2, 3
List the prime factors of (-25)/(1 + 90/(-84)).
2, 5, 7
Let v(a) be the first derivative of -7/2*a**2 - 1/3*a**3 + 9*a + 1. List the prime factors of v(-7).
3
Suppose -4*z - 5*h + 24 - 4 = 0, -4*h = 0. Suppose 7*f = z*f + 56. List the prime factors of f.
2, 7
Let a(x) = -x - 6. Let t be a(-5). Let n = 15 + -3. Let w = n + t. What are the prime factors of w?
11
Let l = -48 + 93. What are the prime factors of l?
3, 5
Let v(c) = -c**2 - 11*c + 2. Let r be v(-11). Suppose 3*a - w = -r*w + 49, w = -2*a + 32. What are the prime factors of a?
17
Let l be (3 - 2)/((-2)/(-4)). List the prime factors of l/3 + 25/3.
3
What are the prime factors of 4 - (0 + 0) - -44?
2, 3
Suppose -7*s + 10*s = 75. List the prime factors of s.
5
Let q = 21 + -10. Let d = 7 - q. What are the prime factors of d/(-12)*3*3?
3
Suppose -15*p + 761 + 469 = 0. List the prime factors of p.
2, 41
Let z(o) = o**3 + 5*o**2 - 3*o - 1. Let v(u) = -u**3 - 5*u**2 + 4*u. Let m(s) = 2*v(s) + 3*z(s). List the prime factors of m(-5).
2
Let c = 3 + -3. Suppose c*m + 4 = 4*m. What are the prime factors of -1 - 2/m - -16?
13
Suppose f - 3 = 5*x - 1, f = 2*x - 4. Let j = f + 7. List the prime factors of 9/(-3)*j - 0.
3
Let l = 17 + -13. Suppose -5*b - 2*q = 2*q - 85, l*b - 3*q = 68. List the prime factors of b.
17
Suppose u - 3*u - 4*j = -46, 7 = u - 2*j. List the prime factors of u.
3, 5
Suppose 72 = 5*s + s. List the prime factors of s.
2, 3
Let r be 6/(-3) + 0 + 24. Let z = r - 14. Let i = 20 - z. What are the prime factors of i?
2, 3
Suppose 3*j - 98 = 2*i, -4*j + 4*i = -24 - 104. List the prime factors of j.
2, 17
Let d be -8*(-1 + 3)/(-1). Let x = 29 - d. List the prime factors of x.
13
Let k = 237 + -31. What are the prime factors of k?
2, 103
Suppose -4*n = -3*n. Suppose -5*u + n*o = o - 105, 4*o + 42 = 2*u. What are the prime factors of u?
3, 7
Let j(f) = -f**2 - 4*f - 2. Let l be j(-2). Suppose -9*u = -10*u + l. What are the prime factors of (16 + u - -3) + 0?
3, 7
Let q be 3/12*-2*2. Let h be -3*8/3*q. Suppose -h = -m - m. List the prime factors of m.
2
Suppose -20 = 5*u + 4*o + 10, -5*o - 25 = 0. Let p(r) = 4*r**2 - 1. List the prime factors of p(u).
3, 5
List the prime factors of (-7)/((-14)/312) + (-5)/(-5).
157
Suppose -5*m + 3 = w - 7, 4 = -3*w + 2*m. Let q(p) = 3*p + 31. Let i(l) = -4*l - 46. Let a(v) = -5*i(v) - 7*q(v). What are the prime factors of a(w)?
13
Suppose 2*m + 0 + 2 = 0. Let s(v) = -17*v - 1. List the prime factors of s(m).
2
Let z be ((-2)/5)/(3/(-150)). Suppose -2*r = -z - 2. Suppose r = 2*h + 3. List the prime factors of h.
2
Let i(g) = -32*g - 54. What are the prime factors of i(-7)?
2, 5, 17
Suppose -3*y - 22 - 71 = 0. Let j = -16 - y. List the prime factors of j.
3, 5
List the prime factors of 9/9 - (1 - (-211)/(-1)).
211
Suppose -123 = -q + 2*d, 4*d + 0 + 4 = 0. What are the prime factors of q?
11
Let f(h) = 9*h - h**2 - 5*h**2 - 4*h**2 + 12 + h**3. Let z be (-24)/(-20)*(63/6 - 3). What are the prime factors of f(z)?
2, 3
Let k = -5 + -4. Let u = -7 - k. Suppose -u*p = -p - 5. List the prime factors of p.
5
List the prime factors of ((-38)/5)/((-4)/40).
2, 19
Suppose -b = -5*b + 100. What are the prime factors of 2/(-5) - (-335)/b?
13
Let g = 479 + -114. What are the prime factors of g?
5, 73
Let h(d) = d**3 + 3*d**2 + d + 1. Let t = -11 + 8. Let r be h(t). List the prime factors of -2 + 11/(-2)*r.
3
Let l be (-6)/21 - (-19)/(-7). Let t = l - -9. What are the prime factors of (-1 + t - 3) + 0?
2
Let x = -32 + 14. Suppose 2*h + 55 = p, -5*p = 5*h + 30 + 85. Let y = x - h. List the prime factors of y.
2
Let l = 15 + -11. Let a = 39 + -28. Suppose -l*p - b = -a, 0*p = -2*p + b + 1. List the prime factors of p.
2
Let n = 7 + -16. Let p be 122/(-18) - (-2)/n. Let i = p + 17. List the prime factors of i.
2, 5
Let z be 0 + -6*4/8. Let j = z + 20. List the prime factors of j.
17
Let g be (-3)/(-12) - (-162)/(-8). Let x(y) = y**2 - 2*y - 6. Let b be x(-5). Let c = g + b. What are the prime factors of c?
3
Suppose -97 = -6*p + 125. What are the prime factors of p?
37
Let w(m) be the second derivative of 2*m**4/3 - m**2/2 + 5*m. List the prime factors of w(-1).
7
Suppose -5*m = -0*m - 570. What are the prime factors of m?
2, 3, 19
Let r = -130 + 235. What are the prime factors of r?
3, 5, 7
Let z be (10/6)/((-2)/6). Let h = z - -9. Let f = h + 1. List the prime factors of f.
5
Let y be (10/6)/((-4)/(-12)). Suppose 3*z - y*z - 20 = 0. List the prime factors of z/3*9/(-6).
5
Let u be (74/(-8) + 3)*-4. Suppose -5*d - 23 = p, -2*p - 5*d = u - 4. List the prime factors of p.
2
Let c = 86 - 63. What are the prime factors of c?
23
Suppose 3*s + 21 = 2*s. Let y = -9 - s. List the prime factors of y.
2, 3
Let d = -18 + 12. Let n be (-2 - d/4)*-8. Let y(r) = -r**2 + 7*r - 5. List the prime factors of y(n).
7
Suppose -2*d - h - h + 426 = 0, 2*d - 4*h - 414 = 0. List the prime factors of d.
211
Let k = 22 + 0. What are the prime factors of k?
2, 11
Let b = -216 + 306. What are the prime factors of b?
2, 3, 5
Let u(q) = q**2 - 2. Let f(b) = b**2 - 1. Let l(v) = 5*f(v) - 4*u(v). Let o be l(0). Suppose -a = -1, o*a = -2*d - 5 + 18. List the prime factors of d.
5
List the prime factors of 933*(-16)/(-108) - (-4)/(-18).
2, 3, 23
List the prime factors of 5/(-5) + (-84)/(-3).
3
Suppose -2*i = 5*i - 735. List the prime factors of i.
3, 5, 7
Suppose -16 = -c + 1. What are the prime factors of c?
17
Suppose 0 = p - 2. Suppose w = -3*v - 14, 4*w + p + 14 = -4*v. Let h = 7 - w. What are the prime factors of h?
2, 3
Let t(f) = f**3 + 2*f**2 + f. Let j be t(-2). Let x = 2 + j. Suppose 4*n + x = 2*p + 6, -n = -4*p + 16. What are the prime factors of n?
2
Let i(s) = 3*s + 1. Suppose -2*d + 3*b = -8, 4*b = -5 - 3. Let t(l) = l + 1. Let z(y) = d*i(y) - 2*t(y). What are the prime factors of z(7)?
2, 3
Suppose 0 = -4*n + 2*q + 1098, -2*q - 8 - 2 = 0. List the prime factors of n.
2, 17
Suppose -5*n + 2*c - 44 = -0*c, 4*n + 34 = 2*c. What are the prime factors of 48/20*n/(-4)?
2, 3
Suppose -5*b - 52 = -17. Let u(m) = -m**3 - 8*m**2 - 7*m + 2. Let q be u(b). Suppose q = 3*r - 7. What are the prime factors of r?
3
What are the prime factors of -3*(-10)/(-35)*-14?
2, 3
Suppose 2*l + 0*d - 5*d = 374, 5*l = -3*d + 873. List the prime factors of l.
3, 59
Suppose 3*m = 4*m - 10. Suppose 2*a = b - 7, -b - 3 + m = a. List the prime factors of b.
7
Let b